(j) = j**3 - 7*j**2 + 5. What is l(b)?
5
Suppose -2*d - 2*h = 2, 0*d - 5*d = -2*h - 23. Let z(m) be the second derivative of -m**5/20 + m**4/6 + m**2/2 - 28*m. What is z(d)?
-8
Let z(n) = -32*n + 426. Let r be z(13). Let j(o) = -2*o**2 + 20*o - 3. Calculate j(r).
-3
Suppose -3*m - f - 6 = 2*f, 2*m - 3*f = -9. Let s(c) = -5*c + 10. Let y(h) = 4*h - 10. Let o(d) = m*s(d) - 4*y(d). What is o(10)?
0
Suppose 6*s - 2*s + 12 = 0. Let u(q) = 2*q**2 + 13*q - 17. Let n(k) = k**2 + 6*k - 8. Let a(r) = s*u(r) + 7*n(r). Let p = 44 + -48. Calculate a(p).
-1
Let c(a) = -2*a. Let h(m) = -m**3 + 6*m**2 - 6*m + 6. Let q be h(5). Let o(r) = -14*r + 34*r - 21*r. Let d(k) = q*c(k) - o(k). Determine d(5).
-5
Let o(u) = -u**2 + 6*u - 6. Let x be (-3 - (5 + -4))*16/(-2). Let q = -28 + x. Determine o(q).
2
Let z(m) = -m**2 + m - 16. Let f = -22 + 24. Let j(w) = 3*w - 9 - f*w - 2*w. Let x be j(-9). Calculate z(x).
-16
Let s(d) = 50*d - 6*d - 6 - 16*d**3 + 15*d**3 - 1 + 20*d**2. Let u be s(22). Let g(k) = -k**2 - 5*k + 10. Give g(u).
-4
Let c(z) = z**3 - 4*z**2 + 3*z + 4. Let l(x) = 15*x**3 - 2*x**2 + x. Let d be l(1). Let a be 46/d - 6/21. Give c(a).
4
Let t(w) be the first derivative of -7*w**2/2 - 58*w + 769. Determine t(-9).
5
Let p(u) be the first derivative of 0*u + 1/2*u**2 + 1 - 1/3*u**3. Calculate p(0).
0
Let q(i) = -2*i - 9. Let w be q(-6). Let f(o) be the third derivative of o**6/120 - o**5/20 - o**4/8 + 2*o**3/3 - 7*o**2. Calculate f(w).
-5
Let m be (((-627)/22)/19)/(2/(-8)). Let d(w) = -3*w**2 - 9*w + 3. Let z(y) = y**2 + 1. Let j(k) = -d(k) - 5*z(k). Give j(m).
-26
Let c = 21 - 21. Suppose 3*d + s - 6*s + 9 = c, 1 = -4*d + 3*s. Let f(m) = 0*m - 9*m**2 - 3 - m**3 + 5*m**d - 2*m. What is f(-4)?
5
Let v(t) = -t**3 + 6*t**2 - 2*t + 1. Let i be 2/(-8) + (-968)/(-32). Suppose -3*w = 2*o + o - i, o + 2*w = 6. Let u be 1 - -3 - o/(-7). What is v(u)?
-11
Suppose s - 4*s = -6. Suppose l - 4*z + 8 = -s*z, 10 = -l + 3*z. Let j(k) = -6 + 3 - 5*k - 10*k**2 + 9*k**2. What is j(l)?
1
Let v(k) be the second derivative of k**5/20 - k**3/6 + 11*k**2/2 + 82*k. Let m(b) = -b + 4. Let n be m(4). Determine v(n).
11
Let r be 0/(-3) + (-21)/(-1). Let p = -18 + r. Let m(y) = 2*y**2 + 1 - 3*y - 5*y**2 + 4*y**2. What is m(p)?
1
Let t(h) = -h**2 + 9*h + 16. Let a be t(11). Let j(y) = -4*y - 7. Let w(z) = -z - 2. Let b(f) = -2*j(f) + 9*w(f). Give b(a).
2
Let d(v) = -v**2 - 9*v - 5. Suppose -4*y = -t + 37, 3*y = 2*y + 2*t - 11. What is d(y)?
-5
Let j(v) be the third derivative of -v**4/12 + v**3/6 + v**2. Let b be (-12)/(-11) - (168/33 + -5). Calculate j(b).
-1
Suppose 18*q + 16 = 14*q, -5*j + 4*q - 9 = 0. Let h(c) = -2*c**2 - c**3 + 0*c**2 - 2*c**2 + 5*c + 5. What is h(j)?
5
Let x = 24 + -22. Let f(r) = 6*r**3 - 1 - 6*r**2 - x*r**2 - r + 9*r**2. Let g = -2 - -1. Give f(g).
-5
Let y(p) = -4 + 7 - 2 - 47*p + 42*p. Suppose 3*n - 20 = -o, -6*o + o - 5*n = -50. Suppose o*d + 3 = 13. What is y(d)?
-9
Let s be (-2)/(-4)*(5 - (-34)/(-2)). Let q(i) = -i**3 - 5*i**2 + 10*i + 19. Let h be q(s). Let m(u) = -u**3 - 5*u**2 - u - 6. Calculate m(h).
-1
Let c(j) be the first derivative of -j**2/2 + 5*j - 1. Suppose 0 = -8*d + 7*d - 6. Give c(d).
11
Let f(a) = a**3 - 2*a**2 - 2*a - 4. Let u be f(3). Let z = 3 + 7. Let g(q) = -3355 + 3355 - z*q. What is g(u)?
10
Let o(v) = v**3 - 13*v**2 + 15*v + 5. Suppose 13 + 18 = 3*k + 5*q, 15 = k - 3*q. What is o(k)?
41
Let h = 404 + -257. Let l = h - 143. Let g(c) = -c**2 + 5*c - 6. Determine g(l).
-2
Suppose l = -4*w + 37, l - 24 = -w - 14. Let t(o) = -2*o + 27. Determine t(w).
9
Suppose -3 = -v - 2. Let t(i) be the third derivative of i**4/3 - 28*i**2. Calculate t(v).
8
Let p be (48/5)/((-30)/225). Let o = p - -76. Let g(l) = l**2 - 2*l - 1. Calculate g(o).
7
Let h = 54 - 14. Let g = h - 47. Let t(u) = u**3 + 7*u**2 - 2*u - 9. Determine t(g).
5
Let m(g) be the third derivative of -g**4/24 - 7*g**3/6 + g**2 + 78. Determine m(-5).
-2
Let a(r) = -r**3 - r - 2. Let g(m) = -22*m**3 + m**2 + 2*m + 9. Let i(n) = -4*a(n) - g(n). What is i(1)?
26
Let m(k) be the first derivative of -k**2/2 - 1. Let t = -7189 + 7194. What is m(t)?
-5
Let s(t) be the third derivative of t**6/720 + 3*t**5/40 + 5*t**4/8 + 11*t**2. Let y(x) be the second derivative of s(x). Determine y(-7).
2
Let w(i) = i**3 + 10*i**2 + 2*i + 15. Let l be w(-10). Let a(r) be the second derivative of -r**5/20 - 5*r**4/12 + r**3/3 + 3*r**2 + 3*r. Calculate a(l).
-4
Let x(h) = -1092 - 4*h**2 - 5*h + 1086 - h**2 - h**3. What is x(-4)?
-2
Let v(w) = 15*w + 1. Suppose -2*q + j + 0*j = -1, -3*j - 3 = -3*q. Let h(m) = m - 1. Let t be h(q). Give v(t).
-14
Let z(k) = 5*k**3 + k - 1. Let u be 0 + 2 + 1/1. Suppose -5*v + u = -2. Calculate z(v).
5
Let f be (-5)/((-44)/12 + 4). Let a be -3 - 0 - f/(-15). Let o(q) = -q**3 - 5*q**2 - 3*q + 2. What is o(a)?
-2
Let q(w) = -5*w**3 - 41*w**2 - 15*w - 62. Let k be q(-8). Let l(v) = -v**3 - 6*v**2 + 4*v + 2. What is l(k)?
-22
Suppose -16 = -4*n, -15 = 4*s - 2*n + 13. Let v(b) = -b**3 - 5*b**2 + 6*b + 2. Give v(s).
-28
Let u = -87 + 89. Let a(d) be the second derivative of 0 + 0*d**u + 1/12*d**4 + 0*d**3 + d. Give a(0).
0
Let f(g) = -g**2 - 4*g - 6. Suppose 4*i = -b - 5 - 7, 5*b - 32 = 3*i. Let x be i - ((-6)/(-9) + (-10)/15). Give f(x).
-6
Let m(y) be the second derivative of 3/2*y**2 + 2*y + 1/6*y**3 + 0. Calculate m(-7).
-4
Let m(o) be the second derivative of o**3/2 - o**2/2 + 18*o + 2. Let g(a) = a**2 - 6*a + 4. Let c be g(5). What is m(c)?
-4
Let g(o) = -4 - 11 + 3 + o - 4 + o. Calculate g(5).
-6
Let j(w) be the second derivative of -w**5/20 + w**4/4 - w**3/6 - 329*w. Calculate j(2).
2
Let l(z) = -2*z - 4. Let d be l(-3). Let t(i) = -77 - d*i - 74 + 149. Give t(5).
-12
Let r(b) = -4*b**3 + 2*b**2 - b. Let k be 291/(-194)*(-1 + 2/6). What is r(k)?
-3
Let l be 24/36 + (-8)/(-6). Let v(g) be the first derivative of 1/3*g**3 - 2*g**2 - 3 + l*g. What is v(4)?
2
Let n(t) = -43*t + 34. Let w(f) = -34*f + 33. Let u(o) = 4*n(o) - 5*w(o). What is u(-11)?
-7
Let g be (9/(-2))/3*2. Let f(b) be the second derivative of -b**5/20 - b**4/4 + b**2 + 80*b. What is f(g)?
2
Let l(d) = -1392*d + 110 + 1396*d - 130. What is l(7)?
8
Let n = -27 - -30. Let c(s) = -7*s**2 + 7 + 5*s + s**2 + 0*s**2 + 0*s**2 + s**n. What is c(5)?
7
Let w be -1 + ((-40)/4)/5*-4. Let s(g) = -g**3 + 6*g**2 + 5*g + 10. Calculate s(w).
-4
Suppose 0*f = 5*f - 20. Let i(z) = -z**3 + 12*z**2 - 12*z + 13. Let u be i(11). Let l be u + -2 + 0 + f. Let s(t) = t**2 - t + 2. What is s(l)?
14
Let x = 98 + -93. Let h(c) be the second derivative of 4*c + 0 + 1/3*c**4 + c**3 - 1/20*c**5 - c**2. What is h(x)?
3
Let g(c) = 5 + c**2 + 18*c + 1 - 9*c. Let u(d) = -d**2 - 12*d + 56. Let f be u(-16). Give g(f).
-2
Let l(f) = -f - 341 + 168 + 156. What is l(-6)?
-11
Let n be -3 - (-9)/(-1 - 2). Let l(m) = m - 1. Let c(s) = s - 1. Let o(q) = -2*c(q) + 3*l(q). Give o(n).
-7
Let z(a) = -2*a**3 + 2*a. Let w(b) = 6*b - 25. Let o be w(7). Suppose -4*m + 5*f = -o, 2*m = -2*f - 9 - 5. Determine z(m).
12
Suppose -2*p + 1 = -27. Let h be (p - 17)/((-6)/(-8)). Let b(t) = -2*t + 1. Let s(o) = o**2 - o. Let k(n) = -b(n) + s(n). Give k(h).
11
Let z(d) = 3*d + 18. Let o be -4 + (-3 - (6 + -3 - 2)). What is z(o)?
-6
Let w(h) = 9*h**3 - 32*h**3 - h + 10*h**3 - 4 - h + 12*h**3 + 5*h**2. Let c(b) = -2*b - 2. Let i be c(-3). What is w(i)?
4
Let w(n) = n**3 - 4*n**2 + 4*n - 3. Let s be ((-12)/9 + 1)*-3 - -35. Let u = -34 + s. What is w(u)?
-3
Suppose 55 = 24*s - 41. Let y(i) = -3*i - 3 + 4 + 4. Determine y(s).
-7
Let c(d) = 5*d**2 - 8*d + 5. Let p(z) = 5*z**2 - 14*z - 2*z + 9 + 2*z**2 + 2*z**2. Let v(w) = 7*c(w) - 4*p(w). What is v(6)?
11
Let j(s) be the first derivative of s + 11 + 1/2*s**2. Determine j(-6).
-5
Let s(f) = 14*f**3 - f. Let l = -26 + 27. Calculate s(l).
13
Let h(p) = p**3 + 4*p**2 - 5*p + 1. Let l be 3 - (-5 - -3) - 3. Suppose l*d = 3*d. Suppose -2*a + d - 10 = 0. Determine h(a).
1
Let b = 2954 - 2949. Let u(r) = -r**3 + 5*r**2 + 3*r + 6. Calculate u(b).
21
Suppose 48 = -13*y + 5*y. Let p(k) = -1. Let t(o) = -o + 1. Let x(i) = y*p(i) + t(i). Suppose -22 = -4*c - 5*r - 0*r, r = -c + 6. Determine x(c).
-1
Let s(r) be the third derivative of r**6/120 + r**5/15 + r**4/24 + r**3 - 68*r**2 + r. What is s(-4)?
2
Let m(b) = 4203*b**2 + 42 - 4199*b**2 - 